{"id":3314,"date":"2025-11-05T09:46:47","date_gmt":"2025-11-05T09:46:47","guid":{"rendered":"https:\/\/www.ekormuhendislik.com\/?post_type=product&#038;p=3314"},"modified":"2025-11-05T09:47:27","modified_gmt":"2025-11-05T09:47:27","slug":"emmegas-ecu","status":"publish","type":"product","link":"https:\/\/www.ekormuhendislik.com\/?product=emmegas-ecu","title":{"rendered":"EmmeGas Ecu"},"content":{"rendered":"<p>LPG&#8217;li sistemlerde kontrol mekanizmas\u0131 olarak g\u00f6rev yapan d\u00fczenek.<\/p>\n","protected":false},"excerpt":{"rendered":"<p>LPG&#8217;li sistemlerde kontrol mekanizmas\u0131 olarak g\u00f6rev yapan d\u00fczenek.<\/p>\n","protected":false},"featured_media":3357,"comment_status":"open","ping_status":"closed","template":"","meta":{"_eb_attr":""},"product_brand":[],"product_cat":[1056],"product_tag":[987,1018,1044,1057,1091],"class_list":{"0":"post-3314","1":"product","2":"type-product","3":"status-publish","4":"has-post-thumbnail","6":"product_cat-lpg-yedek-parcalari","7":"product_tag-atiker","8":"product_tag-beyin","9":"product_tag-brc","10":"product_tag-ecu","11":"product_tag-emmegas","13":"first","14":"instock","15":"shipping-taxable","16":"product-type-simple"},"_links":{"self":[{"href":"https:\/\/www.ekormuhendislik.com\/index.php?rest_route=\/wp\/v2\/product\/3314","targetHints":{"allow":["GET"]}}],"collection":[{"href":"https:\/\/www.ekormuhendislik.com\/index.php?rest_route=\/wp\/v2\/product"}],"about":[{"href":"https:\/\/www.ekormuhendislik.com\/index.php?rest_route=\/wp\/v2\/types\/product"}],"replies":[{"embeddable":true,"href":"https:\/\/www.ekormuhendislik.com\/index.php?rest_route=%2Fwp%2Fv2%2Fcomments&post=3314"}],"wp:featuredmedia":[{"embeddable":true,"href":"https:\/\/www.ekormuhendislik.com\/index.php?rest_route=\/wp\/v2\/media\/3357"}],"wp:attachment":[{"href":"https:\/\/www.ekormuhendislik.com\/index.php?rest_route=%2Fwp%2Fv2%2Fmedia&parent=3314"}],"wp:term":[{"taxonomy":"product_brand","embeddable":true,"href":"https:\/\/www.ekormuhendislik.com\/index.php?rest_route=%2Fwp%2Fv2%2Fproduct_brand&post=3314"},{"taxonomy":"product_cat","embeddable":true,"href":"https:\/\/www.ekormuhendislik.com\/index.php?rest_route=%2Fwp%2Fv2%2Fproduct_cat&post=3314"},{"taxonomy":"product_tag","embeddable":true,"href":"https:\/\/www.ekormuhendislik.com\/index.php?rest_route=%2Fwp%2Fv2%2Fproduct_tag&post=3314"}],"curies":[{"name":"wp","href":"https:\/\/api.w.org\/{rel}","templated":true}]}}