{"id":3245,"date":"2025-11-05T09:46:19","date_gmt":"2025-11-05T09:46:19","guid":{"rendered":"https:\/\/www.ekormuhendislik.com\/?post_type=product&#038;p=3245"},"modified":"2025-11-05T09:46:23","modified_gmt":"2025-11-05T09:46:23","slug":"42-litre-simit-tank-degisimi-simitsimit-tank-toriodal-icten-tank","status":"publish","type":"product","link":"https:\/\/www.ekormuhendislik.com\/?product=42-litre-simit-tank-degisimi-simitsimit-tank-toriodal-icten-tank","title":{"rendered":"42 Litre Simit Tank De\u011fi\u015fimi SimitSimit Tank (Toriodal) \u0130\u00e7ten Tank"},"content":{"rendered":"<p>42 Litre Simit Tank De\u011fi\u015fimi SimitINTERNAL S\u0130M\u0130T TANK<\/p>\n<div class=\"article\">\n<p>Dizayn Bas\u0131nc\u0131: 30 bar<\/p>\n<p>\u00c7al\u0131\u015fma Bas\u0131nc\u0131: 20 bar<\/p>\n<p>ECE 67.01 Regulation<\/p>\n<p>\u00c7al\u0131\u015fma S\u0131cakl\u0131\u011f\u0131 -20 + 65 oC<\/p>\n<\/div>\n","protected":false},"excerpt":{"rendered":"<p>INTERNAL S\u0130M\u0130T TANK (ST01)<\/h2>\n<p>Dizayn Bas\u0131nc\u0131: 30 bar<br \/>\n\u00c7al\u0131\u015fma Bas\u0131nc\u0131: 20 bar<br \/>\nECE 67.01 Regulation<br \/>\n\u00c7al\u0131\u015fma S\u0131cakl\u0131\u011f\u0131 -20 + 65 oC<\/p>\n","protected":false},"featured_media":3275,"comment_status":"open","ping_status":"closed","template":"","meta":{"_eb_attr":""},"product_brand":[],"product_cat":[991],"product_tag":[987,984,992,918,993,994,995,996,997,998,999],"class_list":{"0":"post-3245","1":"product","2":"type-product","3":"status-publish","4":"has-post-thumbnail","6":"product_cat-lpg-tanklari","7":"product_tag-atiker","8":"product_tag-lpg","9":"product_tag-lpg-simit-tank","10":"product_tag-lpg-tanki","11":"product_tag-saka","12":"product_tag-simit","13":"product_tag-step","14":"product_tag-stepne","15":"product_tag-tank","16":"product_tag-tank-degisimi","17":"product_tag-yerine","19":"first","20":"instock","21":"shipping-taxable","22":"product-type-simple"},"_links":{"self":[{"href":"https:\/\/www.ekormuhendislik.com\/index.php?rest_route=\/wp\/v2\/product\/3245","targetHints":{"allow":["GET"]}}],"collection":[{"href":"https:\/\/www.ekormuhendislik.com\/index.php?rest_route=\/wp\/v2\/product"}],"about":[{"href":"https:\/\/www.ekormuhendislik.com\/index.php?rest_route=\/wp\/v2\/types\/product"}],"replies":[{"embeddable":true,"href":"https:\/\/www.ekormuhendislik.com\/index.php?rest_route=%2Fwp%2Fv2%2Fcomments&post=3245"}],"wp:featuredmedia":[{"embeddable":true,"href":"https:\/\/www.ekormuhendislik.com\/index.php?rest_route=\/wp\/v2\/media\/3275"}],"wp:attachment":[{"href":"https:\/\/www.ekormuhendislik.com\/index.php?rest_route=%2Fwp%2Fv2%2Fmedia&parent=3245"}],"wp:term":[{"taxonomy":"product_brand","embeddable":true,"href":"https:\/\/www.ekormuhendislik.com\/index.php?rest_route=%2Fwp%2Fv2%2Fproduct_brand&post=3245"},{"taxonomy":"product_cat","embeddable":true,"href":"https:\/\/www.ekormuhendislik.com\/index.php?rest_route=%2Fwp%2Fv2%2Fproduct_cat&post=3245"},{"taxonomy":"product_tag","embeddable":true,"href":"https:\/\/www.ekormuhendislik.com\/index.php?rest_route=%2Fwp%2Fv2%2Fproduct_tag&post=3245"}],"curies":[{"name":"wp","href":"https:\/\/api.w.org\/{rel}","templated":true}]}}